Let m be 1*(-5)/(3 + 2). Let l be (m/(-3))/(-1)*-24. Suppose 5*r - 4*h = l, -5*h - 7 + 30 = 2*r. Determine v(r).
1
Let z(t) be the third derivative of 7*t**4/12 + 73*t**3/6 - 4*t**2 - 3*t. Determine z(-6).
-11
Let q be (0 - 7) + (123 - 25). Let g(a) = a**2 - 169 + 86 + q - 4*a. What is g(4)?
8
Suppose -4*q + 12 = -4*x - 0*x, 4*q - x - 21 = 0. Let y(z) = -24 + 26 - 5*z + q*z. Calculate y(-2).
0
Let k(u) = -7*u - 5. Let o(g) = 6*g + 4. Let z(v) = -5*k(v) - 6*o(v). Suppose -21 + 30 = -3*m. Give z(m).
4
Let f(u) = u**2 - u - 16. Suppose 10*z + 14*z = 29*z. Determine f(z).
-16
Let i be 524/(-48) - (-25)/(-300). Let h(q) = -q**2 - 21*q - 107. Calculate h(i).
3
Let u be (-3)/((14/6 - 3)*18/12). Let p(k) be the first derivative of 1/3*k**3 + 4*k - u*k**2 + 10. Calculate p(5).
-1
Let v(l) = -l - 1. Let s(a) = -2*a - 2. Let n(u) = -s(u) + 3*v(u). Let x = 62 - 59. Suppose -7 = -4*m - 5*i, 2*m + x = 4*i + 13. Determine n(m).
-4
Let z(d) = 3*d**3 + 23*d**2 - 11*d**2 - 14*d**2 + 21*d - 4*d**3 - 2*d**2. Give z(-6).
-54
Let r(m) = -68 + 157*m - 293*m + 152*m - 61. Calculate r(7).
-17
Let q(p) = -p. Suppose c + 3 = -3*h + 19, -3*h + 2*c + 4 = 0. Suppose -2*o = h*o + 30. Give q(o).
5
Let j(z) = 4*z + 11*z**2 - 82*z**3 + 13 - 13*z + 82 + 81*z**3. What is j(11)?
-4
Let t(s) = 0 - 14*s**2 - 3 + 2*s - 7 + 11. Let m be (-4)/22 - (-18)/(-22). What is t(m)?
-15
Let x(u) be the second derivative of -11/2*u**2 + 3*u + 0 - 1/6*u**3. Let z = -10 - -4. What is x(z)?
-5
Let l(g) = -4 + g**3 + 7*g**2 + g**3 - 3*g**3 + 9*g. Suppose 11*s + 10*s - 84 = 0. Suppose -4*m - 3*y = -20, -2*m = 23*y - 18*y + s. Give l(m).
4
Let a(o) be the second derivative of o**5/10 - 7*o**4/4 + 11*o**3/6 - 9*o**2/2 - 11*o. Let z = -19806 - -19816. Give a(z).
1
Let x(v) = -36*v**3 + 168*v**2 + 248*v - 28. Let f(j) = 5*j**3 - 24*j**2 - 35*j + 4. Let u(m) = -22*f(m) - 3*x(m). What is u(13)?
-4
Let k(z) be the third derivative of -7*z**6/120 + z**5/60 - z**4/24 - z**3/6 - 2*z**2. Let h = -32 - -32. Suppose 9*n - 5*n + 4 = h. Calculate k(n).
8
Let f(r) = 2*r + 1. Let x be f(-3). Let n(q) = -q**3 + 7*q**2 - 5*q - 4. Let g be n(6). Let u(z) = -3*z**2 - z**3 - 3*z**g + 42*z + 6 - 45*z. Give u(x).
-4
Let q = -22 - -24. Let s be 7 + -1 + -1 + -3. Let m(f) = f - q*f - f**s + 8*f - 9*f + 1. What is m(-2)?
1
Let m(g) = 4*g**3 - g**2 - g. Let q be (6 - 3)*30/(-18). Let x = q + -7. Let v be (x/3)/(-4) - 2. Give m(v).
-4
Let s(o) = -14*o**2 + 1. Let f = 35 - -32. Let n = f + -68. Give s(n).
-13
Let d = 267 + -264. Suppose 0 = -d*k - 770 + 761. Let g(l) = -l**3 + l**2 + l + 1. Give g(k).
34
Let f(k) = -13 + 67*k**3 - 68*k**3 + 2*k**2 - 8*k**2 - 9*k. Let m be f(-5). Let a(y) = y - 16. Calculate a(m).
-9
Let w(j) = -2*j**2 + 5*j + 52. Let g be -1 + -2 + 19 + -9 + -11. Calculate w(g).
0
Let g(j) = -7*j + 6 + 1 - 2*j**2 + j**2. Let o = 301466 + -301474. What is g(o)?
-1
Suppose -19 = -3*d + 9*p - 4*p, -2*d - 3*p + 38 = 0. Let u(c) be the second derivative of 0 - 1/6*c**3 - d*c - c**2. Determine u(2).
-4
Let a(m) = -m**3 - 10*m**2 - 14*m - 48. Let j be ((1350/20)/(-15))/((-2)/(-4)). Let n be a(j). Let k(h) = h**3 + 0 + 4*h**2 + 2 - 4 - 2*h. What is k(n)?
13
Let w(s) be the third derivative of 1/2*s**4 + 3/2*s**3 - 2*s**2 + 0*s + 1/5*s**5 + 12 + 1/120*s**6. Give w(-11).
-2
Let b(j) = j**3 + 12*j**2 - 23*j + 59. Let w be b(-14). Let t(r) = -r**2 - 11*r - 21. Calculate t(w).
-21
Let a(r) be the second derivative of r**3/6 + 7*r**2 + 685*r. Give a(-13).
1
Let z(q) = -2*q - 5*q**2 - q + 2*q - q**3 - 3*q. Let a = -94 + 80. Let o = a - -11. Calculate z(o).
-6
Let t(f) = -13*f**3 - 5*f**2 - 15*f + 8. Let d(o) = -11*o**3 - 6*o**2 - 14*o + 9. Let p(m) = -6*d(m) + 5*t(m). Let k = 95 + -105. Determine p(k).
-4
Let j(p) = -p**3 - p**2 + 4*p + 23. Let o be (-12 - -12)*((-1)/5 - 12/(-10)). Calculate j(o).
23
Let s(m) = m + 10. Let c(i) = -i - 9. Let o be (-1 - -5)/((-3)/(-2 - 1)). Let p(g) = o*s(g) + 5*c(g). Suppose 27 = -5*n + 7. Calculate p(n).
-1
Suppose -4568 = -268*h - 548. Let p(k) = 5*k + 73. Let q(z) = -2*z - 24. Let y(i) = -4*p(i) - 11*q(i). What is y(h)?
2
Let q(t) be the first derivative of t**5/120 + 5*t**4/24 + 35*t**3/3 - t + 140. Let i(j) be the third derivative of q(j). Calculate i(5).
10
Let h(w) = 12*w**2 + 9*w**2 - 17*w**2. Let g(s) = -9*s**2. Let i(r) = r**2 - 14. Let f be i(4). Let a(k) = f*g(k) + 5*h(k). Calculate a(-1).
2
Let x(z) = z**2 - 14*z + 18. Suppose 92 = 5*n + 3*o, 1097*n - 1096*n - 40 = -3*o. What is x(n)?
5
Let g(k) = -17 + 12 - k**2 + 12 + 7*k. Let b(a) = -a - 20 - a - a. Let z be b(-9). Calculate g(z).
7
Let g(c) = -7*c + 2. Suppose -4*a - 50 - 290 = 0. Let l be (-10)/a - (-32)/17. What is g(l)?
-12
Let n(r) = -r - 9. Suppose -6*m + m = -70. Suppose 0 = m*f - 5*f + 36. What is n(f)?
-5
Suppose k + 18 = -3*f, 5*k = 4*f - 0*f + 5. Let v be ((-20)/(-60))/((-3)/(-9*6)). Let b(x) = -v + 2 - 2*x - 7 + 10. Calculate b(k).
5
Let x(b) = -3*b**3 + b**3 + 3567633*b + b**3 - 5*b**2 - 3567627*b + 5. Calculate x(-6).
5
Let d(q) = 35193 - 17599 - 8*q - 17601. Calculate d(-2).
9
Suppose 29*m - 135 = 184. Suppose -m*d + 69 = 14. Let f(z) = -z**3 + 4*z**2 - 3. Give f(d).
-28
Let c = -148 + 157. Let x be -3*(5 - 48/c). Let r(v) = 17*v**2. Give r(x).
17
Suppose 2*o + 3*q + 15 = -o, 0 = 2*o + 5*q + 19. Let t(y) = 8*y**2 - 6*y - 80. Let c(r) = 6*r**2 - 5*r - 67. Let z(b) = 6*c(b) - 5*t(b). Give z(o).
-18
Let n = 415 + -419. Let d(m) = -m**3 - 7*m**2 - 12*m - 3. Let o be d(n). Let i(y) = -y**3 + y**2 + y + 2. What is i(o)?
35
Let a(j) be the first derivative of j**4/4 + 26*j**3/3 + j**2/2 + 53*j + 410. Give a(-26).
27
Let j = 452 + -426. Let n(s) = 8*s + j*s**2 + 32*s - 5 + s**3 - 20 - 16*s + 1. Give n(-25).
1
Let s(r) be the first derivative of 2*r**2 + 18*r + 3369. Calculate s(0).
18
Suppose -447 = -d - 4*n, -d = -2*n - 0*n - 465. Let h = -450 + d. Let v(z) = z - 4. Calculate v(h).
5
Let g(s) = -2*s + 837 - 913 - 2*s. Give g(-19).
0
Let n(d) = -108*d + 105*d + 109 - 3*d**2 - 117. Give n(0).
-8
Let y(n) be the third derivative of n**5/60 - n**4/3 - 37*n**3/6 + 10472*n**2. Calculate y(14).
47
Suppose q + 58*i = 54*i + 44, -5*q = -i - 73. Let d(h) = -h**2 + 23*h - 92. What is d(q)?
20
Let h(w) = -4*w + 14. Let c(l) = 32*l**3 + 2*l**2 - 5*l + 4. Let i be c(1). Suppose -41*n = -i*n - 56. Give h(n).
-14
Let v(s) be the second derivative of -s**5/20 + 19*s**4/6 + 40*s**3/3 - 3*s**2 - 11535*s. Calculate v(40).
-6
Let w(k) = 4*k - 8. Let h be (-2)/(-1)*(0 - (-21)/6). Let q(t) = -11*t + 70. Let m be q(h). Calculate w(m).
-36
Let m(o) = o - 1. Let n(l) = -3*l**3 - 3*l**2 + 6. Let a be n(-2). Suppose a = -4*r + 2. Let d be r + -6*(2 + 20/(-8)). Give m(d).
-2
Let k(a) = 3*a + 13. Let l be 8/(-124) + 22155/(-155). Let d = l + 137. Give k(d).
-5
Suppose -38*n = -39*n + 14. Suppose 98 = n*r - 0*r. Let b(h) = -h**2 + 3*h + 9. Give b(r).
-19
Let r be (-3)/1 + 42*7/42. Let t(v) = 3*v**2 - 2*v + 3. Let m(k) = 7*k**2 - 3*k + 7. Let u = 10 + -5. Let n(l) = u*t(l) - 2*m(l). Give n(r).
1
Let x be 98/12 + -4*5/120. Let f(y) = -2*y**3 - 1 + 2*y + x + 6*y**2 - 5*y + 3*y**3. What is f(-7)?
-21
Let x(s) = -5*s**2 - 3*s - 326. Let l(j) = 14*j**2 + 9*j + 922. Let n(h) = 6*l(h) + 17*x(h). What is n(5)?
-20
Let f(x) be the second derivative of -2 - 75*x - 1/3*x**3 - 1/6*x**4 - 1/2*x**2 + 3/10*x**5. Let z(j) = j + 2. Let d be z(-3). What is f(d)?
-7
Let g(h) be the third derivative of -1/24*h**4 + 0*h - 5*h**2 + 8/3*h**3 - 10. Give g(0).
16
Let y(z) = 139*z + 28. Let v(h) = -173*h - 27. Let j(c) = 4*v(c) + 5*y(c). What is j(-8)?
8
Suppose 0 = 38*k + 10140 + 7226. Let d = k - -475. Let m(h) = -2*h + 38. What is m(d)?
2
Let d(g) = g**3 - 2 + 6*g**2 + 4*g + 2 - 7. Suppose -878 = 1617*j + 7207. Give d(j).
-2
Let p(v) = v**2 + 7*v - 8. Let o = -46 + 45. Suppose -60*m + 56*m = 12. Let l be (2/2)/(m/(25 + o)). What is p(l)?
0
Let d(m) = 23 - 109*m + 320*m - 18 - 107*m - 109*m. Calculate d(2).
-5
Suppose -84*j - 2*z = -79*j - 28, -j + 3*z - 8 = 0. Let o be -2*((-8)/(-4))/(-2). Let w(v) = 5*v**2 + 8*v**2 + 3*v - 14*v**o. What is w(j)?
-4
Let g(l) = 3*l**3 - 42*l**2 - 12*l + 15. Let s(d) = -d**3 + 8*d**2 + d - 2. Let p(h) = g(h) + 4*s(h). What is p(-10)?
87
Let r(v) = -15*v**2 - 29*v + 17. Let l(i) = 9*i**2 + 16*i - 10. Let y(x) = -7*l(x) - 4*r(x). Give y(-2